7837 a composite number?
True
Is 30568543 a composite number?
False
Is 262657093 a prime number?
True
Is 13960667 a composite number?
True
Is 35482117 a composite number?
True
Is 1429401 a prime number?
False
Is 51117169 composite?
True
Is 7406603 prime?
True
Is 1705097 a composite number?
False
Is 19510277 prime?
True
Is 130489981 a prime number?
False
Is 712183 prime?
True
Is 1956733 composite?
True
Is 518815529 prime?
True
Is 678640217 a composite number?
False
Is 331489 a prime number?
True
Is 2674429 composite?
False
Is 34224551 a composite number?
False
Is 977285 composite?
True
Is 663013933 prime?
True
Is 8213811 prime?
False
Is 9843989 a composite number?
False
Is 6859943 a prime number?
True
Is 423103 composite?
False
Is 198094997 a composite number?
True
Is 955517 prime?
False
Is 2314047 prime?
False
Is 154183559 a prime number?
False
Is 1425321829 a composite number?
False
Is 189455493 prime?
False
Is 31714523 composite?
True
Is 24099067 composite?
False
Is 75864413 prime?
False
Is 6141041 a composite number?
False
Is 5458967 a composite number?
False
Is 15441869 composite?
False
Is 31207591 prime?
True
Is 47206607 a prime number?
False
Is 39891019 a prime number?
False
Is 9264919 prime?
True
Is 9578659 prime?
False
Is 22818841 composite?
True
Is 113182103 prime?
False
Is 9666629 prime?
False
Is 1740639 a prime number?
False
Is 2290339 a prime number?
True
Is 15759281 a prime number?
False
Is 211673873 a prime number?
True
Is 24063883 prime?
True
Is 237622115 a prime number?
False
Is 175010873 a prime number?
True
Is 890080655 composite?
True
Is 893183 prime?
True
Is 3790961 prime?
True
Is 7170499 prime?
False
Is 39820349 prime?
True
Is 1290257 prime?
True
Is 48474247 prime?
True
Is 73153219 a prime number?
True
Is 186623015 a prime number?
False
Is 534773859 composite?
True
Is 8668739 composite?
False
Is 123830633 prime?
True
Is 3637793 prime?
True
Is 286361 composite?
True
Is 17815307 a composite number?
True
Is 90946151 prime?
True
Is 147443311 a prime number?
True
Is 929861 composite?
False
Is 3397469 composite?
False
Is 3174467 prime?
True
Is 2154583 composite?
True
Is 233361589 a composite number?
True
Is 1161927563 prime?
True
Is 63145779 prime?
False
Is 1425551 a prime number?
False
Is 85701023 a prime number?
True
Is 786785627 a composite number?
False
Is 32917723 a composite number?
False
Is 12137981 a composite number?
False
Is 186777937 a composite number?
False
Is 5352731 composite?
False
Is 1727533 composite?
False
Is 7046639 prime?
True
Is 7931249 composite?
False
Is 7326953 composite?
True
Is 52375261 a composite number?
True
Is 2048327 a prime number?
True
Is 59907269 a composite number?
True
Is 43819963 prime?
False
Is 2361479 prime?
False
Is 218404561 a composite number?
False
Is 13011107 a composite number?
False
Is 862717 composite?
True
Is 14358769 a composite number?
False
Is 198173 a prime number?
True
Is 144079 composite?
True
Is 794956217 a prime number?
False
Is 3618173 prime?
False
Is 7223417 a prime number?
True
Is 28459 prime?
False
Is 2972639 a composite number?
False
Is 80140141 composite?
True
Is 6719969 a prime number?
True
Is 8433382 composite?
True
Is 309826415 a prime number?
False
Is 7783051 a composite number?
True
Is 4064789 prime?
False
Is 32847869 composite?
False
Is 90157481 a prime number?
False
Is 4382843 prime?
True
Is 16467637 a composite number?
True
Is 65144399 composite?
False
Is 8067021 composite?
True
Is 2291431 prime?
False
Is 16188721 a prime number?
False
Is 5047087 composite?
False
Is 2289517 composite?
True
Is 46373741 prime?
True
Is 10425931 a composite number?
True
Is 333782303 a prime number?
False
Is 3313769 prime?
True
Is 7421963 a composite number?
False
Is 160357 composite?
False
Is 19924657 prime?
True
Is 609077 composite?
True
Is 3033437 a prime number?
False
Is 141379079 composite?
False
Is 9390723 a prime number?
False
Is 740717 composite?
False
Is 9350399 composite?
False
Is 49431779 a composite number?
False
Is 3698347 prime?
False
Is 4346081 a prime number?
True
Is 22051241 a prime number?
False
Is 5247007 a prime number?
False
Is 3137731 a prime number?
True
Is 10660823 a composite number?
False
Is 11231203 a prime number?
False
Is 1237349 composite?
False
Is 1944780583 a composite number?
True
Is 254114611 composite?
False
Is 5458049 a composite number?
False
Is 123559093 prime?
False
Is 100215727 a composite number?
False
Is 116396279 prime?
True
Is 2410909 prime?
False
Is 9507007 a prime number?
True
Is 42267127 prime?
False
Is 9065801 a prime number?
True
Is 5209093 a prime number?
True
Is 2981829 a prime number?
False
Is 136602863 prime?
True
Is 5918461 a prime number?
True
Is 2825545 a prime number?
False
Is 516131027 a prime number?
True
Is 687860057 a prime number?
False
Is 4214513 prime?
False
Is 10314861 prime?
False
Is 22855369 composite?
False
Is 43619119 composite?
True
Is 62002357 composite?
False
Is 4770763 composite?
False
Is 3071491 composite?
True
Is 94370246 composite?
True
Is 254205773 a composite number?
True
Is 419521009 a composite number?
False
Is 1069633 a composite number?
True
Is 582354151 a prime number?
False
Is 1901639 a composite number?
False
Is 81262163 a prime number?
False
Is 2756021 a prime number?
False
Is 1608214 a prime number?
False
Is 1167653 a composite number?
False
Is 107202703 prime?
False
Is 124337023 a composite number?
False
Is 213282089 prime?
False
Is 4656629 composite?
False
Is 519863 a composite number?
False
Is 6221001 prime?
False
Is 40560673 a composite number?
False
Is 17653541 prime?
True
Is 8426471 a prime number?
False
Is 60583151 a prime number?
True
Is 97870891 composite?
True
Is 14709613 prime?
True
Is 81323573 composite?
False
Is 16693151 a prime number?
False
Is 246311 a prime number?
False
Is 2793367 a prime number?
False
Is 16379009 composite?
True
Is 2637169 a prime number?
True
Is 449352433 a composite number?
False
Is 14583938 composite?
True
Is 618077 a composite number?
True
Is 72403 a composite number?
True
Is 110096057 a prime number?
True
Is 3945503 prime?
False
Is 1642453 composite?
True
Is 201441353 a composite number?
False
Is 57374 composite?
True
Is 22869591 composite?
True
Is 4366217 a prime number?
True
Is 139009579 a composite number?
True
Is 7272449 a composite number?
False
Is 67741055 a prime number?
False
Is 3442399 composite?
True
Is 3957501 a prime number?
False
Is 8555371 composite?
True
Is 15885293 a composite number?
True
Is 8643463 a prime number?
False
Is 9787585 a composite number?
True
Is 5048903 prime?
True
Is 110374223 composite?
False
Is 4604477 a composite number?
True
Is 3545857 prime?
False
Is 2067601 prime?
False
Is 22694719 a prime number?
False
Is 314798269 a composite number?
True
Is 29516509 composite?
True
Is 6429691 composite?
False
Is 33955561 prime?
True
Is 5978603 a composite number?
False
Is 1932267 a composite number?
True
Is 329250479 a prime number?
False
Is 260263 a composite number?
False
Is 55299961 a prime number?
True
Is 19605413 composite?
True
Is 2514857 prime?
True
Is 2589779 prime?
True
Is 58307761 prime?
True
Is 6698587 composite?
True
Is 649143821 a composite number?
True
Is 5341811 a composite number?
False
Is 11960717 prime?
True
Is 686947 composite?
False
Is 107164699 prime?
True
Is 720844181 a composite number?
False
Is 127184245 a prime number?
False
Is 8299601 prime?
False
Is 56429983 a prime number?
True
Is 193711 prime?
False
Is 95009213 prime?
False
Is 5041513 composite?
False
Is 225386285 composite?
True
Is 6806057 a composite number?
True
Is 3408203 a composite number?
False
Is 410720071 prime?
False
Is 4261021 a composite number?
False
Is 45764269 a prime number?
False
Is 931033 composite?
True
Is 417726233 composite?
False
Is 1772201 a prime number?
True
Is 176404831 composite?
False
Is 4822085 composite?
True
Is 250005581 a prime number?
False
Is 19472073 a prime number?
False
Is 3222763 a composite number?
False
Is 749701 a composite number?
False
Is 408877 composite?
True
Is 268012807 a composite number?
False
Is 6804101 composite?
True
Is 50028098 prime?
False
Is 1233845 composite?
True
Is 24228371 composite?
False
Is 18094187 prime?
False
Is 471997 composite?
False
Is 5519495 composite?
True
Is 138192767 a prime num